 2 + (-2 - 3) - -149 is divided by g?
6
Let x = -216 + 220. Suppose 0 = -4*t + x*m + 272, t + 5*m = 43 + 31. Calculate the remainder when 274 is divided by t.
67
Let m = 5327 + -5087. What is the remainder when m is divided by 61?
57
Suppose -9*t - 4 = -31. Suppose -t*a + 4*a - 35 = 0. What is the remainder when a is divided by (-2 + -1)*(-19)/3?
16
Suppose 14*y + 22*y + 66*y - 2244 = 0. Calculate the remainder when 1140 is divided by y.
18
Suppose -3*t = -5*r - 505, 5*t - 2*r = -0*r + 867. Calculate the remainder when t is divided by (-34)/1*(-55)/44*1214/3035.
5
Let z be 3/(-2)*(185 + (-2 - 5)). What is the remainder when 91 is divided by (-48)/(-36) - z/9?
29
Suppose -4*a = -50 + 2. Suppose 16 = a*g - 8. Suppose 4*l = 2*b - 70, -2*b = -5*b - g*l + 89. What is the remainder when 120 is divided by b?
27
Let c be (-25)/25*94/(-1) - 0. Suppose 3*i - 4*d = 63, 0 = -4*i + 2*d - 0*d + c. Calculate the remainder when 122 is divided by i.
22
Suppose 0 = -37*a + 30*a + 63. Let l be (2/(-5))/((-4)/(-360)). Calculate the remainder when (-389)/(-9) - (-8)/l is divided by a.
7
Suppose -276*u - 288*u = -535*u - 899. What is the remainder when 103 + (0 - 0)/(-2) is divided by u?
10
Let h(v) be the third derivative of v**5/60 - 13*v**4/12 - 29*v**3/6 - 4*v**2 + 4. Calculate the remainder when 50 is divided by h(28).
23
Let r be 3286/(-279) + -1 + (-14)/(-18). Let w(q) = 5*q + 94. What is the remainder when 132 is divided by w(r)?
30
Let x(u) = 15*u - 6. Let j(b) = b + 15. Calculate the remainder when j(7) is divided by x(1).
4
Let y = -10438 + 10708. Calculate the remainder when 1098 is divided by y.
18
Calculate the remainder when (0 + -3114)/(-3) + 8 + 0 is divided by 94.
12
Let g(h) = 5*h**2 - h - 2 + 4 + 17*h**3 + 4*h**2 - 10*h**2. Calculate the remainder when g(1) is divided by 1/(-3 - (-38)/12).
5
Suppose -267*p + 700 = -217*p. Suppose 3*y - 143 = 433. What is the remainder when y is divided by p?
10
Let y = -2021 + 2040. What is the remainder when 222 is divided by y?
13
Let i be 1/((-10)/(-15))*20/(-6). Let a be 7 - 8 - (0 + i). Suppose w + y = a*y + 25, -140 = -3*w - 4*y. Calculate the remainder when w is divided by 14.
12
Let n = 9 - 24. Let w be n/(-2)*(-160)/(-20). Suppose -12*d + w = 3*d. Calculate the remainder when d is divided by 2.
0
Suppose -3*v + 14 = y, 36 = -v + 5*v - 3*y. Suppose -h + 4*g + 57 = -0*g, -g - 100 = -2*h. What is the remainder when h is divided by (-2)/(6/v) + 15?
10
Let t = 30573 + -30490. Calculate the remainder when 581 + (-2)/4*6 is divided by t.
80
Suppose 21 = j + 34*d - 35*d, 3*d - 3 = 0. Calculate the remainder when 1605 is divided by j.
21
Let s = 992 - 968. Let k(t) = -2*t**3 - 3*t - 10*t**2 - 3 + 8*t**2 + 3. Calculate the remainder when s is divided by k(-2).
10
Suppose 3*n + 2*u - 1194 = 3952, 5*n + 5*u = 8585. Calculate the remainder when n is divided by 40.
32
What is the remainder when (7/1)/(-1 - (-76)/72) is divided by ((-18)/(-8))/(69/92)?
0
Suppose 0 = -12*b + 2575 - 139. Suppose -14*q + b = -2079. Calculate the remainder when q is divided by 41.
40
Suppose 28 = -6*p + 46. Suppose 7*j - 5*j + 42 = p*b, 0 = -5*b - 5*j + 70. What is the remainder when (-1)/4 - 165/(-4) is divided by b?
13
Let a(p) = p**3 - 5*p**2 - 7*p - 5. Let v be a(10). Let m = 439 - v. What is the remainder when m is divided by 9?
5
Suppose -89*w + 373 + 1248 = 197. Calculate the remainder when 1435 is divided by w.
11
Let h(x) = x**2 + 6*x + 6. Suppose 2*t - v = 0, -t - 8*v + 3*v = 22. Let p be h(t). What is the remainder when 2/((-5)/20*p) is divided by 2?
0
Calculate the remainder when (5 + (-52)/8)/(5/10) - -415 is divided by 151.
110
Let x(a) = a**2 - 136*a + 130. What is the remainder when 907 is divided by x(0)?
127
Suppose -2*r = -w + 91, -4*w + w + 251 = 5*r. Let s be w/58*58/1. Let m = -61 + s. Calculate the remainder when m is divided by 10.
6
Let a(n) be the third derivative of n**4/8 - 2*n**3/3 + 5*n**2. Suppose 36 = 2*d + 3*s, 11*d - 103 = 6*d - s. Calculate the remainder when d is divided by a(3).
1
Suppose 5*r = 10, -4*r - 3 = -5*w - 3*r. Let u be (11 - 9) + (w - -1 - 0). What is the remainder when 129 is divided by (19*(-1)/u)/((-2)/8)?
15
Suppose -5*y - 909 = -s, -12*s - 1776 = -14*s + 3*y. What is the remainder when s is divided by 155?
104
Let w(d) = d + 21. Let p be w(-17). Suppose 5*x = 3*z + 267, 0 = -z - p. What is the remainder when 1017 is divided by x?
48
Let d(j) = -21 - 5*j**3 - 15*j**2 + 4*j**3 + 0*j**3 + 0*j**3 - 28*j. Calculate the remainder when 7 is divided by d(-13).
2
Let l(x) = x + 2. Let s(p) = 6*p**2 - 23*p - 22. Suppose 5*f + j = -14 + 5, -14 = 2*f + 3*j. What is the remainder when s(f) is divided by l(2)?
3
Calculate the remainder when ((-4)/10)/((-98)/120050) is divided by 124.
118
Let s be 4/(-16) + 1775/(-20). Let z be (s + -2 + 2)*-1. Suppose 2*g = -2*c + 287 - z, 302 = 3*c + 2*g. Calculate the remainder when c is divided by 15.
14
Suppose -16 = -z - 3*z. Suppose -z*o = p - 4*p + 86, 4*o - 4*p = -88. Let j(r) = -r**3 - 22*r**2 - 44*r - 3. Calculate the remainder when j(o) is divided by 27.
23
Suppose -7*q = -2*q - 3*l - 643, 4*q - 2*l - 514 = 0. Let p = 50 + -37. What is the remainder when q is divided by p?
11
Suppose -3*b - 5245 = -4*w, 2*b - 6*b - 12 = 0. What is the remainder when w is divided by 57?
55
Let a = -9880 + 10042. Calculate the remainder when 643 is divided by a.
157
Suppose -17*d - 7001 = -7256. Suppose 839 = 5*n + 5*v - 2371, 2570 = 4*n + 2*v. What is the remainder when n is divided by d?
13
Calculate the remainder when 8/(-1)*(-37)/2 is divided by 0/((-11)/(143/(-26))) - -51.
46
Let p(u) = 9*u + 56. Let f be ((-3)/((-12)/8))/((-5)/15). Let r be p(f). Let y(q) = 2*q**3 + 3*q**2 - 5. Calculate the remainder when 112 is divided by y(r).
20
Let q = 32597 + -18292. What is the remainder when q is divided by 28?
25
Suppose -5*g + 638 = 4*f, -g + 3*g = 2*f - 292. Calculate the remainder when 567 is divided by f.
111
Let i = 5861 - 5507. Calculate the remainder when i is divided by 87.
6
Suppose -901 = -o + 2*n, -4*o + n + 4*n = -3616. Suppose 5*c - 31 - o = 0. What is the remainder when c is divided by 39?
32
Suppose 0 = -3*o - 12, 11*g - 35 = 8*g + 5*o. Suppose -2*k + k + 132 = -g*d, 3*k + d - 316 = 0. What is the remainder when k is divided by 20?
7
Let d(w) = 17 - 7 + 18 + 25 - 6*w. Suppose 0 = -2*g + 3*g - 9. What is the remainder when d(3) is divided by g?
8
Let r(c) = -2*c**3 + 32*c**2 + 3*c + 66. Calculate the remainder when 1705 is divided by r(16).
109
Let s = -58 - -63. Suppose 485 = s*w - 2*a, -4*a - 111 - 67 = -2*w. Let y = w + -69. What is the remainder when 56 is divided by y?
26
Suppose 7*o - 14*o + 1360 = 27*o. Calculate the remainder when o is divided by 9.
4
Let p = -10559 + 10629. Calculate the remainder when 559 is divided by p.
69
Suppose -609 - 396 = -5*n. Let r = n + -160. Suppose 238 = 5*u - 167. Calculate the remainder when u is divided by r.
40
Let g(o) = 13*o + 4. Let x(f) = -3*f - 2. Let t(n) = -3*g(n) - 8*x(n). Let d(l) = -3*l - 1. What is the remainder when t(-1) is divided by d(-4)?
8
Let t = 188 - 167. Let m = 69 + t. Calculate the remainder when m is divided by 12.
6
Suppose g + g - 310 = 0. Calculate the remainder when g is divided by 2/(-4)*(22 - 128).
49
Let f(k) = 74*k + 4422. What is the remainder when f(-47) is divided by 240?
224
Let v be 0/49*(-2)/(-4). Suppose -a = -4*l - 25, -4*a + 5*l + 78 = -v*a. Calculate the remainder when 220 is divided by a.
16
Let p = 13 + -8. Let h = -95 - -87. Calculate the remainder when (p + h)/((-3)/40) is divided by 15.
10
Let d = -9070 - -9073. Calculate the remainder when 1349 is divided by d.
2
Suppose 118*j + 87*j = 147*j + 3422. Let a = 42 - 19. What is the remainder when j is divided by a?
13
What is the remainder when 1847 is divided by (-8)/(-18) - (-10 + 106652/(-117))?
3
Let g be -1 + 4 + -1 - -137. Let c = -92 + g. Calculate the remainder when 279 is divided by c.
44
Let m = 2506 + -2158. What is the remainder when 348 is divided by m?
0
Let y(h) = -h**2 - 153*h - 1466. What is the remainder when 1377 is divided by y(-141)?
21
Let f(m) = -m**3 - 38*m + 21*m - 21 + 14*m - 10*m**2. Let p be f(-10). Let v = p + 33. What is the remainder when v is divided by 15?
12
Calculate the remainder when 12